+ 311520?
314155
In base 13, what is a12 - -351?
1063
In base 4, what is -1013031313332 + -101?
-1013031320033
In base 12, what is -8 + 36714588?
36714580
In base 6, what is -13 - 4543254041?
-4543254054
In base 14, what is -57a - 2112?
-268c
In base 9, what is 37757 - -185?
38053
In base 13, what is -c4778 + -b8?
-c4863
In base 11, what is -3070 + 1547?
-1624
In base 12, what is -31 + -945b66?
-945b97
In base 12, what is 3 - 1485618a?
-14856187
In base 16, what is -51 + -9858c?
-985dd
In base 2, what is -111001111101000111101010 + 10?
-111001111101000111101000
In base 9, what is 58 - 233604?
-233535
In base 11, what is -1267 - -4402?
3146
In base 11, what is 1577a16 + 19?
1577a34
In base 13, what is -2c57 - -3cb?
-2859
In base 7, what is 11133 + -32545?
-21412
In base 9, what is -765522 - 1427?
-767050
In base 12, what is 1 + b166b30?
b166b31
In base 12, what is -7 - 1401b14?
-1401b1b
In base 15, what is ca - 1c1ab3?
-1c19d8
In base 5, what is 102231424243 - 10?
102231424233
In base 4, what is -10 + 1110101030101?
1110101030031
In base 10, what is 67658 + 15208?
82866
In base 15, what is -6 - -312204?
3121ed
In base 4, what is 2220130322231 + 10?
2220130322301
In base 5, what is 144021213 - -33?
144021301
In base 2, what is 101 - 100101101011111011011?
-100101101011111010110
In base 16, what is -3db4 + 174?
-3c40
In base 13, what is -5 - -377b445?
377b440
In base 13, what is -cb749 - 10?
-cb759
In base 8, what is -64 - -77737?
77653
In base 2, what is 100100111 + -111110011011100?
-111101110110101
In base 4, what is 23201 - -122231?
212032
In base 16, what is 2 - 4356f9?
-4356f7
In base 16, what is -1a + -1ae63c?
-1ae656
In base 2, what is -1000 - -11111011011110010000?
11111011011110001000
In base 6, what is 3400 + 13013054?
13020454
In base 13, what is 5 - -4b4558?
4b4560
In base 10, what is 5 - 7038962?
-7038957
In base 14, what is 29b01 + -8?
29ad7
In base 8, what is 3 - 25535577?
-25535574
In base 6, what is -100 - -214400412?
214400312
In base 12, what is -2 + -16590b82?
-16590b84
In base 6, what is -5 + -11224240?
-11224245
In base 11, what is -5 + -5950044?
-5950049
In base 8, what is 36 + -73100542?
-73100504
In base 16, what is 16a1e3 - -9?
16a1ec
In base 12, what is 989043 - 0?
989043
In base 6, what is 113354 + -203203?
-45405
In base 2, what is 101101 - -110100100000111110?
110100100001101011
In base 8, what is 107 - 1342643?
-1342534
In base 13, what is -2a3a + -240?
-2c7a
In base 4, what is -2303333 - -2211?
-2301122
In base 10, what is 930 + 77921?
78851
In base 10, what is -3205752 - 19?
-3205771
In base 10, what is 3 + 35828388?
35828391
In base 3, what is -1012002101 + 10121211?
-1001110120
In base 3, what is -22000102021121 - 1?
-22000102021122
In base 4, what is 133323 + -233002?
-33013
In base 7, what is -15 + -10343012?
-10343030
In base 5, what is -1010323143003 + 10?
-1010323142443
In base 11, what is -646 + -1860?
-23a6
In base 7, what is 5 - -125321124?
125321132
In base 5, what is -3 - 23444342002?
-23444342010
In base 5, what is -101313111 + 3?
-101313103
In base 2, what is 1101011001111101010101 - 101?
1101011001111101010000
In base 12, what is -10652aa + -7?
-10652b5
In base 9, what is -127886675 - -3?
-127886672
In base 7, what is -22502 - -6030?
-13442
In base 14, what is -1c02b342 + -3?
-1c02b345
In base 16, what is -3b37 + 50?
-3ae7
In base 3, what is -1201102212 + 102001101?
-1022101111
In base 4, what is 11212120 - 301030?
10311030
In base 6, what is 5 + 214113022?
214113031
In base 10, what is 2057873 - 5?
2057868
In base 13, what is -17a46 + c8?
-1794b
In base 15, what is 2 + b0b5cd?
b0b5d0
In base 9, what is -128 - -328613?
328474
In base 14, what is -8b69885 - -5?
-8b69880
In base 11, what is -79 - -109787?
109709
In base 8, what is -105464655 - -1?
-105464654
In base 13, what is -10b1 + 163a6?
152c5
In base 10, what is -42649 + -2152?
-44801
In base 12, what is 18250 + 3a?
1828a
In base 3, what is 2011101201 - 11021200?
2000010001
In base 11, what is -6300938 - -1?
-6300937
In base 8, what is 506 + -364243?
-363535
In base 6, what is -11040525530 - -2?
-11040525524
In base 7, what is 4 - 5145101526?
-5145101522
In base 2, what is -1010100 - 10011101011100100101000?
-10011101011100101111100
In base 15, what is -6ed57 + -6b?
-6edc3
In base 6, what is 44115141315 - 4?
44115141311
In base 11, what is 441 - 110?
331
In base 8, what is 1134376557 - -3?
1134376562
In base 11, what is -672 + 30427?
2a865
In base 7, what is -116 - 2501422?
-2501541
In base 8, what is 120 + 3471140?
3471260
In base 2, what is 10010000100101 + -1111100011?
10000001000010
In base 7, what is -660 - -221234?
220244
In base 5, what is 4 - 342140111?
-342140102
In base 4, what is 2013030023 + 1?
2013030030
In base 6, what is 13 - -21554024?
21554041
In base 2, what is -101001010111000001110000010 + -1?
-101001010111000001110000011
In base 5, what is -312111 + 430?
-311131
In base 8, what is 5 + 113631557?
113631564
In base 12, what is -23 + -440420?
-440443
In base 15, what is -407 + 2d01?
28e9
In base 3, what is 10 + 20111011221201020?
20111011221201100
In base 2, what is 100100101 + 1010100100101000001100?
1010100100101100110001
In base 10, what is 12 - 4063315?
-4063303
In base 3, what is -10020222222 - 10010021?
-10101010020
In base 2, what is 110111000010100 + 1100101000000?
1000011101010100
In base 2, what is 100110 + 100110100101110011?
100110100110011001
In base 15, what is -1 - 2348e5?
-2348e6
In base 13, what is 4117 - -a29a?
113b4
In base 13, what is -6897c - -4a?
-68932
In base 16, what is 59594 + ba?
5964e
In base 14, what is -2a3 + 33082?
32bbd
In base 16, what is -612ea76 - -a?
-612ea6c
In base 4, what is 20 - 22112101110103?
-22112101110023
In base 8, what is -1076451 - 24?
-1076475
In base 15, what is 5ca7 - -b11?
68b8
In base 10, what is -5976180 - -3?
-5976177
In base 9, what is -176 - 451024?
-451211
In base 10, what is -630780 + -4?
-630784
In base 7, what is 6 + 6516013?
6516022
In base 8, what is 10444273 - -120?
10444413
In base 16, what is 1318 + -60c?
d0c
In base 7, what is 2250524 + 40?
2250564
In base 10, what is -101 - 130317?
-130418
In base 15, what is 2 - -33b804?
33b806
In base 15, what is 3748e36 - -5?
3748e3b
In base 4, what is 302322 + -330331?
-22003
In base 7, what is 3043244 + -262?
3042652
In base 2, what is -10011 + -10011010000000101111110110?
-10011010000000110000001001
In base 5, what is 23124 + 102242?
130421
In base 4, what is -2111 - 230013312?
-230022023
In base 11, what is -a + -2159535?
-2159544
In base 3, what is 1 - 1101220112111111?
-1101220112111110
In base 14, what is 138a722 - 3?
138a71d
In base 8, what is 1214775 + -53?
1214722
In base 8, what is -166 - 66335?
-66523
In base 8, what is 3200 - -416372?
421572
In base 16, what is 174 + -268fc?
-26788
In base 7, what is -14445461364 + 5?
-14445461356
In base 3, what is -10 + 1122201200122?
1122201200112
In base 2, what is 110011000 + 1000101101000?
1001100000000
In base 6, what is -10430 - 121522?
-132352
In base 9, what is -207218 - 1056?
-208275
In base 4, what is 100130110212 + -120?
100130110032
In base 4, what is -2112332303220 - 0?
-2112332303220
In base 13, what is 2b073a - -3?
2b0740
In base 11, what is -275 + -446?
-710
In base 16, what is 4f + 717c?
71cb
In base 2, what is -100001101001100010000001010 - -10?
-100001101001100010000001000
In base 4, what is -102 + 31201201?
31201033
In base 6, what is -10040404 + 120?
-10040244
In base 2, what is -111000001010001010 - -1100?
-111000001001111110
In base 3, what is -10 + 202100012122011?
202100012122001
In base 3, what is 10202012000 - -2112?
10202021112
In base 7, what is 216621522 + 21?
216621543
In base 15, what is -7b0b - 4913?
-c51e
In base 12, what is -11126 + -12b?
-11255
In base 8, what is 5 - 117024752?
-117024745
In base 6, what is -110 - -25340022?
25335512
In base 14, what is 1bd15921 + -4?
1bd1591b
In base 15, what is 1e + -180b4?
-18095
In base 11, what is 1015594 + -54?
1015540
In base 8, what is -775767101 + -4?
-775767105
In base 15, what is -27 + -5e10e?
-5e136
In base 6, what is -545340 + 2534?
-542402
In base 6, what is 315 - -1001015?
1001334
In base 8, what is 207511135 + 1?
207511136
In base 11, what is -4 + -3920476?
-392047a
In base 6, what is 4